58/15)/((-1)/(-10)*-1). Let f = w + 190. Calculate the greatest common factor of f and 288.
18
Suppose -3*d = -0*d - 102. Let f(l) = 3*l**2 - 107*l - 474. Let a be f(-5). Calculate the greatest common divisor of a and d.
34
Suppose -2*u - i + 5959 = -4364, -5*i = u - 5157. Calculate the highest common divisor of 464 and u.
58
Let l = -30857 - -30883. What is the greatest common divisor of 86398 and l?
26
Suppose -x + 3*h - 11 = -24, -2*x + 14 = -3*h. Let n be 1*-2*(x - 4) - -3. What is the highest common divisor of 90 and n?
9
Suppose -3*p - 4*u + 27725 = 0, 0 = 4*p + 4*u - 6*u - 36974. What is the highest common factor of 13 and p?
13
Let i = 8 - -572. Suppose 80*g = 78*g + i. Calculate the highest common divisor of g and 10.
10
Let u(i) = 26*i + 58. Let c be u(22). Suppose -14*z = -1008 - c. What is the greatest common divisor of 13 and z?
13
Let y(n) = -11 + 2*n**2 + n**3 + n**2 + 11. Let r be y(-2). Let i(l) = 23*l + 7. Let b be i(r). Calculate the greatest common divisor of 9 and b.
9
Suppose -7*t + 81 = -31. Let n(w) = w**2 - 16*w + 62. Let s be n(t). What is the highest common divisor of s and 2?
2
Suppose -2*j + 6*j - 1800 = 0. Let g be ((-165)/(-45))/(((-8)/6)/(-4)). Suppose -g*k = 7*k - j. Calculate the highest common divisor of 20 and k.
5
Let n = -738 - -468. Let l = n + 690. Calculate the greatest common divisor of l and 14.
14
Suppose -147 = -4*i + 3*r, i - 358*r + 357*r - 38 = 0. What is the highest common factor of 2343 and i?
33
Suppose -4*a + 5*d = -59 - 117, -44 = -a + 5*d. Calculate the greatest common factor of a and 1034.
22
Let x = -110 + 136. Suppose 0 = 4*t - 4, h - t - x = -2*h. Let w = -15 - -30. What is the greatest common divisor of h and w?
3
Let j = 5 + 29. Let l(g) = 2*g**2 + 43*g + 23. Let r be l(-21). Suppose -r*o + 8 = -t - 125, o = -4*t + 80. What is the highest common divisor of j and o?
34
Let m = 3 + -13. Let i be 150/20*64/m. Let g = -44 - i. What is the highest common divisor of 8 and g?
4
Let n = -223 + 226. Suppose 0 = 3*i, -n*a - 4*i + 770 - 302 = 0. Calculate the greatest common divisor of a and 104.
52
Suppose -334 = z - s, 6*s - 1002 = 3*z + 9*s. Let l = 335 + z. What is the greatest common divisor of 14 and l?
1
Let h(t) = 34*t - 12. Let m be h(3). Let q = -86 + m. Let d be ((-2)/3)/(q/(-18)). Calculate the greatest common factor of d and 24.
3
Let k be 592/(-64) + (-2)/(-8). Let d = 12 + k. Let o be 4*d - (-6 + 7)*-4. What is the greatest common divisor of 112 and o?
16
Let s(v) = -32*v + 4. Let w be -2 - (16/(-5))/(4/(-10)). Let b = -25 - w. Let k be s(b). Calculate the greatest common divisor of k and 44.
44
Let g(d) = -177*d + 5846. Let n be g(33). Let t(r) = 18*r**3 - r**2 + r. Let p be t(1). Suppose -57 - p = -3*z. Calculate the highest common divisor of n and z.
5
Let a(h) = 57*h**2 + h + 60. Let v be a(3). What is the greatest common divisor of 27 and v?
9
Let m be (-1)/(3/7) - (-13)/(39/1438). What is the greatest common factor of m and 2173?
53
Let a(d) = 3*d - 4. Let g(z) = -6*z + 7. Let t(k) = -5*a(k) - 2*g(k). Let x be t(14). Let j = x - -46. What is the greatest common divisor of j and 20?
10
Suppose 0 = 8*o - 0*o - 944. Suppose 0 = 2*p + 44 + o. Let i be ((-1026)/p)/(2/36). What is the greatest common factor of i and 12?
12
Suppose 147 = 10*r - 7*r. Suppose 3*t + 40 = r. What is the greatest common factor of t and 39?
3
Suppose -5243 = -85*k + 1302. What is the highest common factor of 560 and k?
7
Let a be ((-5)/(60/(-8)))/(2/30). Let p = 11 + -8. Suppose -n - p + 23 = 0. What is the greatest common divisor of n and a?
10
Let t = -6282 + 6797. What is the highest common factor of 1133 and t?
103
Suppose 8*g + 10 = 34. Suppose 2 + 2 = m. What is the highest common divisor of m and g?
1
Let k(p) be the second derivative of 5*p**3/3 - 43*p**2 - 29*p. Let h be k(10). Calculate the greatest common factor of h and 896.
14
Suppose -21*d + 20 - 20 = 0. Let k(r) = r**2 + 7*r + 1. Let x be k(d). What is the highest common factor of x and 17?
1
Suppose d - 112 = -3*d. Let j = -164 - -163. Let s be ((-3)/6)/(j/(-280)*-2). Calculate the highest common factor of d and s.
14
Let x = 1717 - 800. Calculate the greatest common divisor of x and 262.
131
Suppose -5*s + 11 = -14. Let o(y) = -y**2 - 36*y - 3. Let v be o(-19). Let i be (4/16*-6)/((-24)/v). Calculate the highest common divisor of i and s.
5
Let q(l) = 4*l**2 + 29*l + 12. Let m be q(-10). Calculate the highest common factor of m and 793.
61
Let k = -2417 + 3287. What is the highest common divisor of 10 and k?
10
Let u be (-330)/(-99) + 4/(-3). Suppose -3*w + 731 = 5*t - 0*t, 0 = -w - u*t + 244. What is the greatest common divisor of 66 and w?
22
Let g(r) = -2*r + 5. Let d be g(-9). Let y = d - 44. Let b = y - -37. What is the highest common divisor of b and 80?
16
Suppose -b = 4*n - 755, -4*b + 526 = 3*n - 37. Let h(f) = 12*f - 3. Let w be h(2). What is the highest common factor of w and n?
21
Let f(b) = 2*b + 36. Let j be f(-16). Suppose j*v + 11 = 27. Suppose -5*s + 46 = 6. Calculate the greatest common factor of s and v.
4
Let q be (-2*(0 + -1))/(26/8281). Let f = q - 630. What is the highest common divisor of f and 329?
7
Let k be -1 - (4 - 3) - (-1 + -3). Let r be 29/(36/54 - k/12). What is the greatest common divisor of 87 and r?
29
Let k = 19 + -4. Let j(s) = -153*s - 301. Let u be j(-2). What is the greatest common factor of u and k?
5
Suppose -c = n + 406, -n - 473 = -5*c - 79. Let x = n - -592. Suppose l + 5*h - 66 = -l, -5*l - h + x = 0. Calculate the greatest common factor of 38 and l.
38
Suppose q - 21 = 14. Let b(h) = -h**2 - 41*h + 65. Suppose -504 = -7*d + 21*d. Let n be b(d). Calculate the greatest common divisor of q and n.
35
Suppose 573 = 7*t - 2*t - 2*o, 5*o + 585 = 5*t. Suppose d = -2*b + 71, 10*b - 5*d - t = 7*b. Calculate the greatest common factor of 162 and b.
18
Suppose 366 + 662 = 5*u + 4*v, 2*u - 5*v = 398. Calculate the highest common factor of u and 312.
12
Suppose -5*r + 88 = -3*r. Suppose -2*b = 5*p + 9, -4*b + 7 = -0*p + 5*p. Calculate the highest common divisor of b and r.
4
Let r be (-196)/(-1) - (-22 - -17). Suppose 0 = 6*q + 39 - r. Suppose 0*k = 5*k - 90. What is the highest common divisor of q and k?
9
Suppose 5*n - 6 = 8*n + 5*y, 5*y - 15 = 0. Let m be 7/((n - -5) + 5/2). What is the greatest common divisor of 18 and m?
2
Suppose -g - 4*h = 14, -2*h + 5 = 7. Let r be ((-3)/9 - 0)/(g/1830). What is the greatest common factor of r and 1?
1
Suppose 71*j - 168 = 68*j. Let k = 26 + 6. Calculate the greatest common factor of k and j.
8
Let y be 3 + 9 + 14/(-35)*-5. Calculate the greatest common factor of y and 2730.
14
Suppose 5*n = 3*c - 699, -2*c + 3*n = -191 - 275. Let x = c - 209. Calculate the highest common divisor of x and 552.
24
Let j(k) be the first derivative of -k**2/2 - 69*k + 8. Let a be j(-27). Let n be ((-12)/18)/(1/a). Calculate the greatest common divisor of 21 and n.
7
Suppose -5*l + 4*j + 436 = 0, 2*j = 147*l - 152*l + 442. Calculate the highest common factor of 296 and l.
8
Let v(q) = -20*q - 156. Let p be v(-8). Suppose t = -d + 51, p*d - 4 = -0*d. What is the highest common divisor of 950 and t?
50
Suppose -4*d + 996*h - 995*h = -603, 0 = 3*d + 5*h - 435. Calculate the highest common divisor of d and 40.
10
Suppose -5*c + 23 = 4*r, 0 = -5*c + 3*r + r + 7. Suppose 0 = -2*v + 3*s + 168, v + s = -c*v + 364. Calculate the greatest common factor of 36 and v.
18
Let n be 42/(-10) - 3679200/(-6000). Let p(s) = 3*s**2 + 3*s + 6. Let m be p(-4). What is the greatest common divisor of n and m?
21
Let a be ((-14)/21)/((-24)/(-9))*-4. Let o be a*6/(-4)*318/(-9). Calculate the greatest common factor of 371 and o.
53
Let s be 2667*30/105*4. Calculate the highest common factor of 48 and s.
24
Let t(c) = 5*c - 24. Suppose -105 = o - 6*o. Let q be t(o). Suppose -2*f = -3*f + 9. What is the greatest common divisor of q and f?
9
Let f(w) = 3*w**2 - 31*w + 22. Let x be f(0). Calculate the greatest common divisor of x and 17314.
22
Let t = -1039 - -1045. Calculate the greatest common divisor of 25 and t.
1
Suppose 0 = 65*j - 214*j + 509878. What is the highest common divisor of j and 236?
118
Let f = -15 - -16. Let k be -82*f*3/(-6). Let s = k - 37. What is the highest common factor of 20 and s?
4